e factors of (3152/24 - -6) + (-4)/l?
2, 3, 23
List the prime factors of (334/(-4))/((-4)/(-482)*(-2)/8).
167, 241
Let d = 9314 + -6551. Suppose 3*z - 5*p - d = -626, 2 = -p. List the prime factors of z.
709
Let a(p) = -p**3 + 11*p**2 + 20*p + 15. Let z(s) = -s**2 - 9 + 22 - 1 - 19*s. Let g be z(-19). What are the prime factors of a(g)?
3, 37
Let y(b) = 7274*b + 81. List the prime factors of y(3).
3, 7, 149
Let c be (15 - -2) + -4 + 1. Suppose -u - c = -24. Suppose -4*z = -x + 47, -7*x = -u*x + 3*z + 186. What are the prime factors of x?
67
Let n(g) = 2284*g**2 + 30*g + 7. List the prime factors of n(-2).
31, 293
Suppose -4*n + 2*j + 1 = -3*n, -2*n - 5*j = 7. Let c be (1 + 6/(-3))*-2. What are the prime factors of 171 - ((-1)/c*0)/n?
3, 19
Let f = -3316 + 3689. List the prime factors of f.
373
Let x(d) = 3*d**2 - 65*d - 8. Let g be x(33). Let r = 2421 - g. What are the prime factors of r?
1307
Let m(i) = -273*i - 100. Suppose 18 = 2*a + 5*y + 6, -3*a + 4 = 4*y. List the prime factors of m(a).
2, 31
Suppose -5*n + 135 + 1271 = z, 4*z - 3*n - 5670 = 0. Let a = -1002 + z. What are the prime factors of a?
2, 3, 23
Let a be (-16 + 21)*(-334)/(-5). Let m = -671 + a. Let l = -218 - m. What are the prime factors of l?
7, 17
Suppose -74258 = -5*y + 48*i - 52*i, -2*y = 4*i - 29720. What are the prime factors of y?
2, 13, 571
List the prime factors of ((-1)/(-6)*9)/(2/42124).
3, 10531
List the prime factors of (-970)/(-8*5/340).
5, 17, 97
Let h(x) = 6*x**2 - 14*x - 36. Suppose -76 = 10*p - 26. What are the prime factors of h(p)?
2, 23
Let l(h) = 145*h + 4. Let w be l(9). Suppose 2724 = w*p - 1303*p. List the prime factors of p.
2, 227
Let f = 1865 + 13434. List the prime factors of f.
15299
Let g = 10 - 48. Let t be (g/(-57))/(1/(-3)). What are the prime factors of (-376)/(-24) + t/3?
3, 5
Let u be ((-266)/6)/((-1)/(-3)). Suppose -2*x = 0, 6*n - n - 23*x - 1105 = -18*x. Let b = u + n. List the prime factors of b.
2, 11
Let k(w) = -w**3 - 30*w**2 - 119*w - 114. What are the prime factors of k(-36)?
2, 3, 11, 181
Let b be ((-3)/(-15))/1 + (-3994)/(-5). Let s = b - 63. What are the prime factors of s?
2, 23
List the prime factors of (-11)/((-418)/(-4)) - ((-2495490)/95)/3.
2, 11, 199
Suppose 0 = -k - s + 5458, -3*k + 9776 + 6563 = -4*s. List the prime factors of k.
7, 19, 41
Let a(g) = -2*g**2 + 11*g - 8. Let s be a(8). Let h = s - -40. Let k = 5 - h. List the prime factors of k.
13
List the prime factors of 48 + 16860 - (17 - 3)/(-2).
5, 17, 199
Let v(k) = k**3 - 36*k**2 - 7*k - 295. What are the prime factors of v(38)?
13, 179
Suppose -17*j + 16*j = 2*z + 591, 0 = 3*j + 3*z + 1785. Let v = 1000 + j. List the prime factors of v.
401
Suppose 5*j - 80855 = -5*r, 19*j - 16*j + 80839 = 5*r. List the prime factors of r.
19, 23, 37
Suppose 2*j = 3*d + 894, -2*d + 91 - 687 = -j. Let y = 972 + d. What are the prime factors of y?
2, 337
Suppose -4*t + 126156 = -4*x, 2*t - 456*x + 461*x - 63064 = 0. What are the prime factors of t?
11, 47, 61
Let f(v) = 5*v**3 + 13*v**2 - 2*v + 20. Let n be f(6). Let x = n + -1107. List the prime factors of x.
449
What are the prime factors of (30680/(-16))/(-1)*8?
2, 5, 13, 59
List the prime factors of 7629 - (1 + -4)/((-132)/(-88)).
13, 587
Suppose 9*y = 10*y - 17. Let o(u) = -3 - y - 16 + u**2 - 5 - 15*u. What are the prime factors of o(-10)?
11, 19
Let j(v) = -3*v + 42. Let m be j(13). Suppose 108 + 0 = -m*z. Let d = z + 152. List the prime factors of d.
2, 29
Let r = 65646 + -37571. What are the prime factors of r?
5, 1123
Let u(i) = 2970*i + 630. What are the prime factors of u(6)?
2, 3, 5, 41
Suppose -5*u = -5*n + 130 - 0, -5*u - 107 = -4*n. Let x(t) = t**2 - 17*t + 12. What are the prime factors of x(n)?
2, 3, 5
Let r(p) = -p**2 + 4*p + 1. Let f be r(4). Let m be f + -12 - -1 - 0. Let q(k) = -k**3 - 7*k**2 + 11*k + 13. What are the prime factors of q(m)?
7, 29
Suppose s + 2*u - 3 - 1 = 0, -3*u = -5*s + 20. Suppose -3*a = s*h - 14, -2*h + 10 = 4*a - a. Suppose h*b = -4, 5*b = -t + b + 57. List the prime factors of t.
5, 13
Suppose 580 = -2*y - 2*i + 70, 1276 = -5*y - 4*i. Let p = y - -954. What are the prime factors of p?
2, 349
Suppose d + d + h - 12 = 0, 5*d = 4*h + 56. Suppose -3*j = -d*j + 595. Let p = 26 + j. What are the prime factors of p?
5, 29
Suppose 16 = -11*u + 7*u. Let a be 10/6*(u + 1). What are the prime factors of (a/(-2))/5*106?
53
What are the prime factors of ((-50)/10 - -5) + 4948?
2, 1237
Suppose 0 = 7*k - 5*k. Suppose 1336 = 2*x - 2*j + 8912, 3*x - 5*j + 11356 = k. List the prime factors of (-3 - 82/(-26)) + x/(-26).
2, 73
Let g(i) = 3*i**3 - 3*i**2 + 2*i + 1. Let q be g(6). Let r be 34/51 + q/3. Suppose -4*n + 467 = -r. List the prime factors of n.
163
Let a(l) = 286*l**2 - 14*l + 87. What are the prime factors of a(4)?
17, 271
Let t(h) = 5*h + 68. Let u be t(-13). Suppose -2*i = 4*q - 498, 11 - 749 = -u*i + 3*q. What are the prime factors of i?
13, 19
Let t(h) be the third derivative of -h**4/6 - 77*h**3/6 + 27*h**2. Let f be t(-23). Suppose -f*b = -6*b - 954. List the prime factors of b.
2, 53
Suppose 2*a = -3*v - 5, -13*a = -8*a - 2*v + 3. What are the prime factors of (-2 - a/(-2)*-2)*-967?
967
Let l = -1550 - -13449. What are the prime factors of l?
73, 163
Let l(g) be the second derivative of -g**4/24 + 5*g**3/3 + 15*g**2/2 - 9*g. Let b(u) be the first derivative of l(u). What are the prime factors of b(-5)?
3, 5
Let p be (1 - -14)/((-3)/(-46))*1. Suppose p = -15*w + 10*w. Let x = w + 200. What are the prime factors of x?
2, 7, 11
Let z = 426 + -416. What are the prime factors of (-13)/(53/(-13) + 40/z)?
13
Suppose -2*f - 32 = -4*v, v = -36*f + 31*f - 3. Let b(l) = 2*l**3 + 6*l**2 - 12*l + 43. List the prime factors of b(v).
3, 313
Suppose -7*n + 17*n = 23*n - 38753. What are the prime factors of n?
11, 271
Suppose 5*j + 121 = 3*c, c - 5*j = -2*j + 35. Let y(n) = n - 3. Let t be y(7). Suppose -b + c = -4*l, -t*l + 87 = 3*b - 2*b. What are the prime factors of b?
67
Let b(n) = 24*n**3 + 5*n**2 + 2. Let y be b(-3). List the prime factors of y/(-9) - 6/(-27).
67
Suppose -o - 16*a = -14*a - 11128, o + 4*a = 11136. List the prime factors of o.
2, 5, 139
List the prime factors of (-9 - (-21)/2) + 145431/6.
2, 3, 5, 101
Let m be ((-7)/21)/(1/6). Let c be (-1 - (-309 - 2))/m. Let l = 286 + c. What are the prime factors of l?
131
Let c be (-57)/2*(-2 - (-40)/15). What are the prime factors of (22*-1)/(c/323)?
2, 11, 17
Let d be ((-13360)/(-24) - 3) + (-2)/(-6). Suppose -623 = -4*l + r + 1584, -r - d = -l. What are the prime factors of l?
19, 29
Let k = -67938 - -133292. What are the prime factors of k?
2, 41, 797
Let w(o) = -8*o - 50. Let k(v) = -9*v - 50. Let b(r) = 2*r + 25. Let d be b(-11). Let l(s) = d*k(s) - 2*w(s). What are the prime factors of l(-22)?
2, 3
Suppose 0 = -8*b + 4*b - 4*t + 6128, -b + 1524 = -t. What are the prime factors of b?
2, 191
Let c(a) be the third derivative of a**6/24 - a**5/12 + 5*a**4/12 - 7*a**3/3 + 2*a**2 + 8*a. What are the prime factors of c(4)?
2, 7, 19
Suppose -7*n - 2*y + 221874 = 0, 32 = 3*y + y. What are the prime factors of n?
2, 13, 23, 53
Suppose -10*y = -8*y - 10. Suppose -5*g - 5*z = 70, 0 = y*g - 0*z + 4*z + 72. What are the prime factors of 1/((g/316)/(-4))?
79
Let y(x) = 2196*x**3 - 3*x**2 + 62*x - 119. List the prime factors of y(2).
17, 1033
Let o(f) = f**3 - 27*f**2 + 49*f + 24. Let d be o(25). Let r(x) = -1607*x**3 - 5*x**2 - x + 1. List the prime factors of r(d).
2, 401
Let q(m) = -2*m**2 - 49*m + 23. Let g be q(-22). Let c = 2 + g. List the prime factors of c.
3, 5
Let i(s) = 2*s - 24. Let c be i(15). Let d(f) = 12*f**2 + 18*f - 43. What are the prime factors of d(c)?
7, 71
Suppose 5*y - 3*y = 0. Let b(k) = -3*k + 3*k**3 + 104 - 2*k**2 + 4*k - 2*k**3. List the prime factors of b(y).
2, 13
Let b be 12/3*(-3)/6. Let f be 6 + 6/b + -1. Let p(s) = 37*s**2 - 3*s + 6. What are the prime factors of p(f)?
2, 37
Suppose 26 - 11 = -3*v. Let m be 1*v*(-1 + 0). Suppose 0*g = m*t + 2*g - 329, 5*t = -g + 327. What are the prime factors of t?
5, 13
What are the prime factors of (-1 - -8) + 4313/19*118?
3, 13, 229
Suppose 0 = -m + 2*m + 4, 0 = 5*p + 5*m + 2840. Let g = -321 - p. List the prime factors of g.
3
Let q(u) = u**2 + 4 + 2*u**2 - u - u**3 + 6*u**2 - 6*u